*y - 13*o - 1416 = -9*o, -3*o + 9 = 0. What is the remainder when y is divided by 76?
53
What is the remainder when 11 - 17/(187/(-4048)) is divided by 31?
7
Calculate the remainder when 13/(312/32)*((-5108)/(-16) + 4) is divided by 16.
15
Let d(z) = 192*z - 110*z - 113*z - 33. Calculate the remainder when d(-2) is divided by 8.
5
Let q = -32 - -45. Let a(o) = 5*o**2 + 48*o - 275. Calculate the remainder when a(6) is divided by q.
11
What is the remainder when (-7)/77 - 129/33 - 1310/(-1) is divided by 5?
1
Let p = 5120 - 1196. Calculate the remainder when p is divided by 11.
8
Let p = -9193 - -9395. What is the remainder when 820 is divided by p?
12
Let b(a) = 51*a**2 + 32*a - 157. Calculate the remainder when b(5) is divided by 246.
48
Let l(b) = 0*b**2 - 2 - 1 - 11 + b**2. Let c(g) = -g**2 - 18*g - 71. Let n be c(-7). Calculate the remainder when 131 is divided by l(n).
21
Let s = -17612 + 18063. What is the remainder when s is divided by 141?
28
Let g(u) be the second derivative of -9*u**3/2 - 57*u**2/2 + 42*u. What is the remainder when 75 is divided by g(-3)?
3
Suppose 34*y + 110 = 2*r + 30*y, -r + 3*y = -49. What is the remainder when 600 is divided by r?
64
Let b = 1614 - -3044. Calculate the remainder when b is divided by 14.
10
Suppose 8*t = 11*t - 1140. Suppose 0 = -54*r + 24*r + 1440. What is the remainder when t is divided by r?
44
Suppose 3*g - u = 3*u + 1534, -4*g + 4*u = -2040. Suppose -13*q - 155 = -g. What is the remainder when 154 is divided by q?
19
Suppose 0 = 4*q - 4*o - 1 - 7, -o = -5*q + 10. Suppose 90 - 42 = 2*g + q*r, -5*g - 4*r = -121. What is the remainder when g is divided by 18?
7
Let u(z) = -4 + 14 + 5 - 2*z. Calculate the remainder when (912/168)/(2/42) is divided by u(-7).
27
Let f be 38*1 + (-26 - -31). What is the remainder when f/7 + 2/(-14) is divided by 6?
0
Suppose 5*u + 5 = 0, -4*i + 80*u = 76*u - 14096. What is the remainder when i is divided by 41?
38
Let n(m) = -m - 4. Let v be ((-8)/(-12))/(2/9). Let g(j) = -2*j - 4. Let a(h) = v*n(h) - 2*g(h). Calculate the remainder when 28 is divided by a(10).
4
Let p(t) = -3*t**3 + 106*t**2 - 29*t + 524. What is the remainder when p(35) is divided by 60?
14
Let u(q) = q**3 - 15*q**2 + 46*q - 121. What is the remainder when u(13) is divided by 670/60 - (-2)/(-12)?
7
Suppose 4552 = -13*p + 5345. Calculate the remainder when 487 is divided by p.
60
Suppose -w + 25 = -46. Let f(u) = -u**2 + 42*u - 341. Calculate the remainder when w is divided by f(13).
35
Suppose 175*g = 2*k + 178*g - 44, 4*k = 5*g + 110. What is the remainder when k is divided by 2/4 - 25/(-2)?
12
What is the remainder when 6*(9119/22 + 11) is divided by 12?
9
Let f(z) = 33*z + 45. Let w be f(4). Suppose 113 - w = -2*g. Calculate the remainder when 55 is divided by g.
23
Let r(h) = -h**2 - 12*h + 69. Let m be r(-16). Suppose -2*b + 52 = -4*v, 64 + 75 = m*b - v. What is the remainder when 80 is divided by b?
24
Let u = 93 - 78. Suppose 2*l - 9 = u. Calculate the remainder when 23 is divided by (5 - -47)*3/l.
10
Suppose 3*o + 97*j - 102*j - 26094 = 0, 4*o = 2*j + 34806. Calculate the remainder when o is divided by 272.
271
Suppose -3*z + 20 = -28. Let v = 1290 + -1179. Calculate the remainder when v is divided by z.
15
Suppose 22*d + 1 = 23*d. Let l(z) = 11*z**3 - 4*z**2 - 3*z + 6. Calculate the remainder when 119 is divided by l(d).
9
Let c(m) = -m**2 - m + 67. Let n be c(-8). Let z(w) = -16*w + 190. Calculate the remainder when z(n) is divided by 3.
2
Let k = 23 - 6. Let i = -15 + k. Suppose -4*m - 20 = 0, i*m + m + 30 = 3*c. Calculate the remainder when 7 is divided by c.
2
Suppose -m + 9 = -4*r + 44, 3*r + 83 = -4*m. Let b = 21 + m. Let l = 21 + b. Calculate the remainder when 50 is divided by l.
12
Suppose -14*v = -19*v + 10, 5*v + 576 = 2*n. What is the remainder when -1 + n - (-13)/(-26)*-12 is divided by 23?
22
Let v(f) = -9*f + 4. Let z(w) = w**3 - 4*w**2 - 5*w - 6. Let d be z(5). What is the remainder when v(-3) is divided by 9 + ((-48)/d - 1)?
15
Calculate the remainder when ((-330)/(-11))/((-1)/((-30)/3)) is divided by 39.
27
Let y(t) = 10*t - 185. Let l be -4*(1 - (3 + -1)). Suppose 5*s = -4*x + 224, -3 = -s - l*x + 45. Calculate the remainder when s is divided by y(20).
14
Calculate the remainder when 506 is divided by ((-98)/(-35))/((-58)/(-2175)).
86
Let x be (-19 + 5)/7 + (-126)/(-1). Let n = x - 118. What is the remainder when (6/(-4))/((-3)/28) is divided by n?
2
Let b = 1393 - 1355. Suppose -4*n + 27 = -p, -2*p + 13 - 43 = -5*n. Calculate the remainder when n/36 - (-1911)/27 is divided by b.
33
Suppose 3*g = 15, -2*j - 2*g + 115 = -15. What is the remainder when (3/(((-6)/12)/(86/215)))/((-4)/310) is divided by j?
6
Let y(w) = 2*w**2 + 28*w + 3. Suppose -7*p - 81 = 17. Let s be y(p). Suppose -s*z - 4*r + 106 = 0, 1 - 3 = r. Calculate the remainder when 113 is divided by z.
37
Suppose 0 = 294*a - 302*a - 96. Let z(y) = y**2 + 14*y + 34. Calculate the remainder when 72 is divided by z(a).
2
Let g = -437 + 1017. Suppose -39*u + 159 = -36*u. What is the remainder when g is divided by u?
50
Let l(f) = 7*f + 30. Suppose -27*h + 1356 = 141. Calculate the remainder when l(21) is divided by h.
42
Let i = 93 - 11. Let f = 139 - 122. What is the remainder when i is divided by f?
14
Let o = -1214 + 1799. Suppose -12*r - r = o. Let p = -29 - r. What is the remainder when p is divided by 5?
1
Let w = 33 - -1. Suppose -25*k + 15*k - 26*k = -1764. Calculate the remainder when k is divided by w.
15
Let r(f) be the third derivative of 0 + 14*f**2 - 7/6*f**3 + 1/4*f**4 - 1/15*f**5 + 0*f + 1/24*f**6. Calculate the remainder when r(2) is divided by 8.
5
Suppose 3094 = -313*s + 404*s. What is the remainder when 4486 is divided by s?
32
Suppose 0 = n + 3*j - 0 + 2, -2*n - 2*j + 8 = 0. Let h(v) = 10*v + 22. What is the remainder when h(n) is divided by 32?
28
Let p be ((-106)/318)/(-1 - 14/(-12)). Let l(f) be the first derivative of -17*f**2/2 - 3*f - 6. What is the remainder when l(p) is divided by 16?
15
Let y(r) = -4*r. Suppose 56 = 6*t + 32. Suppose t*p - 603 + 419 = 0. What is the remainder when p is divided by y(-2)?
6
Suppose 3*a + 24 - 97 = f, -5*f = -4*a + 101. Suppose -a = -7*d + 116. Suppose 8*p = 3*p + 30. What is the remainder when d is divided by p?
2
Suppose 0 = f + z - 1773, 1788 = f - 5*z + 3*z. What is the remainder when f is divided by 10?
8
Let z(d) = -d**3 + 4*d**2 + 3*d + 6. Suppose -6*y - 72 = -12*y. Suppose 2*r - 4 = -3*s, 3*r + 2*r = -2*s - y. What is the remainder when z(s) is divided by 5?
3
Let v be (-4)/22 + 2 + 2521/11. Suppose -3 + v = 19*w. Calculate the remainder when 68 is divided by w.
8
Let y = 5 + 14. Suppose 3*d = 60 + 1020. Let z = d - 349. Calculate the remainder when y is divided by z.
8
Let z be 2*17/12 + (-22)/(-132). Suppose -z*b + 46 = -53. Calculate the remainder when b is divided by 7.
5
Suppose 6*a = -13*a - 57. Calculate the remainder when 1/6 - a*(-2406)/(-108) is divided by 21.
4
Suppose -2*i + 291 = i. Let u(v) = 6*v**2 - 46*v - 20. Let d be u(9). Let n = i - d. What is the remainder when 87 is divided by n?
42
Suppose 7*m = -54*m + 1464. Suppose 504 = 4*i + m. What is the remainder when i is divided by 108?
12
Suppose -2*a - 238 = -5*u, 4*u + 4*a = -67 + 263. Let w = -310 + 1019. Let c = w - 683. What is the remainder when u is divided by c?
22
Let z(n) = -n**3 + 3*n**2 + 4*n + 1. Let j be z(-5). Suppose 160 = -j*l + 197*l. What is the remainder when 78 is divided by l?
8
Suppose 2395*r - 2369 = 2372*r. What is the remainder when 387 is divided by r?
78
Suppose -6*s + 28 - 10 = 0. Suppose j + 3*j = -5*i + 354, 214 = s*i + 2*j. Let p(a) = -a**2 - 15*a + 5. What is the remainder when i is divided by p(-14)?
17
Let s = 2494 - 2382. Calculate the remainder when s is divided by 7.
0
Let o(h) = 45*h - 10 - 90*h + 43*h. Let c be o(-5). Suppose c*x + 154 = 11*x. What is the remainder when 40 is divided by x?
12
Let y = -164 - -177. Suppose y*b + 160 = 1148. What is the remainder when b is divided by 28?
20
Suppose f - 2*f + 6 = 0, 8*f = -2*b + 86. What is the remainder when 202 is divided by b?
12
Let k be (-2 - -1)/((-4)/16). Suppose -1 = k*m - 149. Calculate the remainder when m is divided by 17.
3
Let w(b) = 17*b + 9. Let s be w(5). Let u = s + 10. Sup